{"id":23,"date":"2021-12-07T18:09:48","date_gmt":"2021-12-07T18:09:48","guid":{"rendered":"https:\/\/escuelaoriente.cl\/?page_id=23"},"modified":"2021-12-09T13:31:56","modified_gmt":"2021-12-09T13:31:56","slug":"centro-de-padres-2","status":"publish","type":"page","link":"https:\/\/escuelaoriente.cl\/index.php\/centro-de-padres-2\/","title":{"rendered":"Centro de Padres y Apoderados"},"content":{"rendered":"\n<p>En l\u00edneas generales el Centro de Padres y Apoderados es una agrupaci\u00f3n voluntaria que re\u00fane a los padres y apoderados que desean participar y contribuir en la comunidad educativa, a trav\u00e9s de diferentes actividades y proyectos.<\/p>\n\n\n\n<p>Desde el a\u00f1o 2014 a la fecha hemos postulado y ganado los siguientes proyectos:<\/p>\n\n\n\n<ul class=\"wp-block-list\"><li>2014: Proyecto VIVA LEER, adjudic\u00e1ndonos mas de 2000 libros para la biblioteca de la escuela, m\u00e1s la remodelaci\u00f3n e implementaci\u00f3n completa<\/li><li>2016: Proyecto 2% Seguridad Vial<\/li><li>2016: Se coloca el nombre en el frontis de la escuela<\/li><li>2016: Se participa en la pintura externa e interna de la escuela<\/li><li>2016: Proyecto \u201cMov\u00e1monos por la Educaci\u00f3n P\u00fablica\u201d. Nos adjudicamos cortinaje completo para las salas de clases y oficinas.<\/li><li>2017: Proyecto FONDECOM \u201cFortaleciendo Nuestro Patrimonio\u201d<\/li><li>2017: Proyecto \u201cMov\u00e1monos por la Educaci\u00f3n Publica\u201d. Nos adjudicamos implementaci\u00f3n completa del comedor y sillas para la sala de enlaces.<\/li><li>2018: Proyecto 2% en Deporte y Comunidad Activa<\/li><li>2018: Proyecto FONDECOM. Se adjudic\u00f3 la calefacci\u00f3n para la Biblioteca.<\/li><\/ul>\n\n\n\n<p>El Centro General de Padres y Apoderados de la Escuela B\u00e1sica Sector Oriente reactiva su personalidad jur\u00eddica el 26-06-2013 con el objetivo del proyecto para la construcci\u00f3n de un Gimnasio y adem\u00e1s otorgar identidad a nuestro establecimiento<\/p>\n","protected":false},"excerpt":{"rendered":"<p>En l\u00edneas generales el Centro de Padres y Apoderados es una agrupaci\u00f3n voluntaria que re\u00fane a los padres y apoderados que desean participar y contribuir en la comunidad educativa, a trav\u00e9s de diferentes actividades y proyectos. Desde el a\u00f1o 2014 a la fecha hemos postulado y ganado los siguientes proyectos: 2014: Proyecto VIVA LEER, adjudic\u00e1ndonos [&hellip;]<\/p>\n","protected":false},"author":1,"featured_media":0,"parent":0,"menu_order":0,"comment_status":"closed","ping_status":"closed","template":"plantilla-centro-padres.php","meta":{"footnotes":""},"class_list":["post-23","page","type-page","status-publish","hentry"],"yoast_head":"<!-- This site is optimized with the Yoast SEO plugin v26.2 - https:\/\/yoast.com\/wordpress\/plugins\/seo\/ -->\n<title>Centro de Padres y Apoderados - Escuela Oriente<\/title>\n<meta name=\"robots\" content=\"index, follow, max-snippet:-1, max-image-preview:large, max-video-preview:-1\" \/>\n<link rel=\"canonical\" href=\"https:\/\/escuelaoriente.cl\/index.php\/centro-de-padres-2\/\" \/>\n<meta property=\"og:locale\" content=\"es_ES\" \/>\n<meta property=\"og:type\" content=\"article\" \/>\n<meta property=\"og:title\" content=\"Centro de Padres y Apoderados - Escuela Oriente\" \/>\n<meta property=\"og:description\" content=\"En l\u00edneas generales el Centro de Padres y Apoderados es una agrupaci\u00f3n voluntaria que re\u00fane a los padres y apoderados que desean participar y contribuir en la comunidad educativa, a trav\u00e9s de diferentes actividades y proyectos. Desde el a\u00f1o 2014 a la fecha hemos postulado y ganado los siguientes proyectos: 2014: Proyecto VIVA LEER, adjudic\u00e1ndonos [&hellip;]\" \/>\n<meta property=\"og:url\" content=\"https:\/\/escuelaoriente.cl\/index.php\/centro-de-padres-2\/\" \/>\n<meta property=\"og:site_name\" content=\"Escuela Oriente\" \/>\n<meta property=\"article:modified_time\" content=\"2021-12-09T13:31:56+00:00\" \/>\n<meta name=\"twitter:card\" content=\"summary_large_image\" \/>\n<meta name=\"twitter:label1\" content=\"Tiempo estimado de lectura\" \/>\n\t<meta name=\"twitter:data1\" content=\"1 minuto\" \/>\n<script type=\"application\/ld+json\" class=\"yoast-schema-graph\">{\"@context\":\"https:\/\/schema.org\",\"@graph\":[{\"@type\":\"WebPage\",\"@id\":\"https:\/\/escuelaoriente.cl\/index.php\/centro-de-padres-2\/\",\"url\":\"https:\/\/escuelaoriente.cl\/index.php\/centro-de-padres-2\/\",\"name\":\"Centro de Padres y Apoderados - Escuela Oriente\",\"isPartOf\":{\"@id\":\"https:\/\/escuelaoriente.cl\/#website\"},\"datePublished\":\"2021-12-07T18:09:48+00:00\",\"dateModified\":\"2021-12-09T13:31:56+00:00\",\"breadcrumb\":{\"@id\":\"https:\/\/escuelaoriente.cl\/index.php\/centro-de-padres-2\/#breadcrumb\"},\"inLanguage\":\"es-CL\",\"potentialAction\":[{\"@type\":\"ReadAction\",\"target\":[\"https:\/\/escuelaoriente.cl\/index.php\/centro-de-padres-2\/\"]}]},{\"@type\":\"BreadcrumbList\",\"@id\":\"https:\/\/escuelaoriente.cl\/index.php\/centro-de-padres-2\/#breadcrumb\",\"itemListElement\":[{\"@type\":\"ListItem\",\"position\":1,\"name\":\"Portada\",\"item\":\"https:\/\/escuelaoriente.cl\/\"},{\"@type\":\"ListItem\",\"position\":2,\"name\":\"Centro de Padres y Apoderados\"}]},{\"@type\":\"WebSite\",\"@id\":\"https:\/\/escuelaoriente.cl\/#website\",\"url\":\"https:\/\/escuelaoriente.cl\/\",\"name\":\"Escuela Oriente\",\"description\":\"Escuela p\u00fablica &quot;Oriente&quot; de Quell\u00f3n, Chilo\u00e9\",\"publisher\":{\"@id\":\"https:\/\/escuelaoriente.cl\/#organization\"},\"potentialAction\":[{\"@type\":\"SearchAction\",\"target\":{\"@type\":\"EntryPoint\",\"urlTemplate\":\"https:\/\/escuelaoriente.cl\/?s={search_term_string}\"},\"query-input\":{\"@type\":\"PropertyValueSpecification\",\"valueRequired\":true,\"valueName\":\"search_term_string\"}}],\"inLanguage\":\"es-CL\"},{\"@type\":\"Organization\",\"@id\":\"https:\/\/escuelaoriente.cl\/#organization\",\"name\":\"Escuela Oriente\",\"url\":\"https:\/\/escuelaoriente.cl\/\",\"logo\":{\"@type\":\"ImageObject\",\"inLanguage\":\"es-CL\",\"@id\":\"https:\/\/escuelaoriente.cl\/#\/schema\/logo\/image\/\",\"url\":\"https:\/\/escuelaoriente.cl\/wp-content\/uploads\/2025\/09\/cropped-Logo-escuela-oriente.png\",\"contentUrl\":\"https:\/\/escuelaoriente.cl\/wp-content\/uploads\/2025\/09\/cropped-Logo-escuela-oriente.png\",\"width\":1024,\"height\":1384,\"caption\":\"Escuela Oriente\"},\"image\":{\"@id\":\"https:\/\/escuelaoriente.cl\/#\/schema\/logo\/image\/\"}}]}<\/script>\n<!-- \/ Yoast SEO plugin. -->","yoast_head_json":{"title":"Centro de Padres y Apoderados - Escuela Oriente","robots":{"index":"index","follow":"follow","max-snippet":"max-snippet:-1","max-image-preview":"max-image-preview:large","max-video-preview":"max-video-preview:-1"},"canonical":"https:\/\/escuelaoriente.cl\/index.php\/centro-de-padres-2\/","og_locale":"es_ES","og_type":"article","og_title":"Centro de Padres y Apoderados - Escuela Oriente","og_description":"En l\u00edneas generales el Centro de Padres y Apoderados es una agrupaci\u00f3n voluntaria que re\u00fane a los padres y apoderados que desean participar y contribuir en la comunidad educativa, a trav\u00e9s de diferentes actividades y proyectos. Desde el a\u00f1o 2014 a la fecha hemos postulado y ganado los siguientes proyectos: 2014: Proyecto VIVA LEER, adjudic\u00e1ndonos [&hellip;]","og_url":"https:\/\/escuelaoriente.cl\/index.php\/centro-de-padres-2\/","og_site_name":"Escuela Oriente","article_modified_time":"2021-12-09T13:31:56+00:00","twitter_card":"summary_large_image","twitter_misc":{"Tiempo estimado de lectura":"1 minuto"},"schema":{"@context":"https:\/\/schema.org","@graph":[{"@type":"WebPage","@id":"https:\/\/escuelaoriente.cl\/index.php\/centro-de-padres-2\/","url":"https:\/\/escuelaoriente.cl\/index.php\/centro-de-padres-2\/","name":"Centro de Padres y Apoderados - Escuela Oriente","isPartOf":{"@id":"https:\/\/escuelaoriente.cl\/#website"},"datePublished":"2021-12-07T18:09:48+00:00","dateModified":"2021-12-09T13:31:56+00:00","breadcrumb":{"@id":"https:\/\/escuelaoriente.cl\/index.php\/centro-de-padres-2\/#breadcrumb"},"inLanguage":"es-CL","potentialAction":[{"@type":"ReadAction","target":["https:\/\/escuelaoriente.cl\/index.php\/centro-de-padres-2\/"]}]},{"@type":"BreadcrumbList","@id":"https:\/\/escuelaoriente.cl\/index.php\/centro-de-padres-2\/#breadcrumb","itemListElement":[{"@type":"ListItem","position":1,"name":"Portada","item":"https:\/\/escuelaoriente.cl\/"},{"@type":"ListItem","position":2,"name":"Centro de Padres y Apoderados"}]},{"@type":"WebSite","@id":"https:\/\/escuelaoriente.cl\/#website","url":"https:\/\/escuelaoriente.cl\/","name":"Escuela Oriente","description":"Escuela p\u00fablica &quot;Oriente&quot; de Quell\u00f3n, Chilo\u00e9","publisher":{"@id":"https:\/\/escuelaoriente.cl\/#organization"},"potentialAction":[{"@type":"SearchAction","target":{"@type":"EntryPoint","urlTemplate":"https:\/\/escuelaoriente.cl\/?s={search_term_string}"},"query-input":{"@type":"PropertyValueSpecification","valueRequired":true,"valueName":"search_term_string"}}],"inLanguage":"es-CL"},{"@type":"Organization","@id":"https:\/\/escuelaoriente.cl\/#organization","name":"Escuela Oriente","url":"https:\/\/escuelaoriente.cl\/","logo":{"@type":"ImageObject","inLanguage":"es-CL","@id":"https:\/\/escuelaoriente.cl\/#\/schema\/logo\/image\/","url":"https:\/\/escuelaoriente.cl\/wp-content\/uploads\/2025\/09\/cropped-Logo-escuela-oriente.png","contentUrl":"https:\/\/escuelaoriente.cl\/wp-content\/uploads\/2025\/09\/cropped-Logo-escuela-oriente.png","width":1024,"height":1384,"caption":"Escuela Oriente"},"image":{"@id":"https:\/\/escuelaoriente.cl\/#\/schema\/logo\/image\/"}}]}},"_links":{"self":[{"href":"https:\/\/escuelaoriente.cl\/index.php\/wp-json\/wp\/v2\/pages\/23","targetHints":{"allow":["GET"]}}],"collection":[{"href":"https:\/\/escuelaoriente.cl\/index.php\/wp-json\/wp\/v2\/pages"}],"about":[{"href":"https:\/\/escuelaoriente.cl\/index.php\/wp-json\/wp\/v2\/types\/page"}],"author":[{"embeddable":true,"href":"https:\/\/escuelaoriente.cl\/index.php\/wp-json\/wp\/v2\/users\/1"}],"replies":[{"embeddable":true,"href":"https:\/\/escuelaoriente.cl\/index.php\/wp-json\/wp\/v2\/comments?post=23"}],"version-history":[{"count":3,"href":"https:\/\/escuelaoriente.cl\/index.php\/wp-json\/wp\/v2\/pages\/23\/revisions"}],"predecessor-version":[{"id":118,"href":"https:\/\/escuelaoriente.cl\/index.php\/wp-json\/wp\/v2\/pages\/23\/revisions\/118"}],"wp:attachment":[{"href":"https:\/\/escuelaoriente.cl\/index.php\/wp-json\/wp\/v2\/media?parent=23"}],"curies":[{"name":"wp","href":"https:\/\/api.w.org\/{rel}","templated":true}]}}

<p>En líneas generales el Centro de Padres y Apoderados es una agrupación voluntaria que reúne a los padres y apoderados que desean participar y contribuir en la comunidad educativa, a través de diferentes actividades y proyectos.</p>



<p>Desde el año 2014 a la fecha hemos postulado y ganado los siguientes proyectos:</p>



<ul class="wp-block-list"><li>2014: Proyecto VIVA LEER, adjudicándonos mas de 2000 libros para la biblioteca de la escuela, más la remodelación e implementación completa</li><li>2016: Proyecto 2% Seguridad Vial</li><li>2016: Se coloca el nombre en el frontis de la escuela</li><li>2016: Se participa en la pintura externa e interna de la escuela</li><li>2016: Proyecto “Movámonos por la Educación Pública”. Nos adjudicamos cortinaje completo para las salas de clases y oficinas.</li><li>2017: Proyecto FONDECOM “Fortaleciendo Nuestro Patrimonio”</li><li>2017: Proyecto “Movámonos por la Educación Publica”. Nos adjudicamos implementación completa del comedor y sillas para la sala de enlaces.</li><li>2018: Proyecto 2% en Deporte y Comunidad Activa</li><li>2018: Proyecto FONDECOM. Se adjudicó la calefacción para la Biblioteca.</li></ul>



<p>El Centro General de Padres y Apoderados de la Escuela Básica Sector Oriente reactiva su personalidad jurídica el 26-06-2013 con el objetivo del proyecto para la construcción de un Gimnasio y además otorgar identidad a nuestro establecimiento</p>

<p>En líneas generales el Centro de Padres y Apoderados es una agrupación voluntaria que reúne a los padres y apoderados que desean participar y contribuir en la comunidad educativa, a través de diferentes actividades y proyectos. Desde el año 2014 a la fecha hemos postulado y ganado los siguientes proyectos: 2014: Proyecto VIVA LEER, adjudicándonos [&hellip;]</p>

<!-- This site is optimized with the Yoast SEO plugin v26.2 - https://yoast.com/wordpress/plugins/seo/ -->
<title>Centro de Padres y Apoderados - Escuela Oriente</title>
<meta name="robots" content="index, follow, max-snippet:-1, max-image-preview:large, max-video-preview:-1" />
<link rel="canonical" href="https://escuelaoriente.cl/index.php/centro-de-padres-2/" />
<meta property="og:locale" content="es_ES" />
<meta property="og:type" content="article" />
<meta property="og:title" content="Centro de Padres y Apoderados - Escuela Oriente" />
<meta property="og:description" content="En líneas generales el Centro de Padres y Apoderados es una agrupación voluntaria que reúne a los padres y apoderados que desean participar y contribuir en la comunidad educativa, a través de diferentes actividades y proyectos. Desde el año 2014 a la fecha hemos postulado y ganado los siguientes proyectos: 2014: Proyecto VIVA LEER, adjudicándonos [&hellip;]" />
<meta property="og:url" content="https://escuelaoriente.cl/index.php/centro-de-padres-2/" />
<meta property="og:site_name" content="Escuela Oriente" />
<meta property="article:modified_time" content="2021-12-09T13:31:56+00:00" />
<meta name="twitter:card" content="summary_large_image" />
<meta name="twitter:label1" content="Tiempo estimado de lectura" />
	<meta name="twitter:data1" content="1 minuto" />
<script type="application/ld+json" class="yoast-schema-graph">{"@context":"https://schema.org","@graph":[{"@type":"WebPage","@id":"https://escuelaoriente.cl/index.php/centro-de-padres-2/","url":"https://escuelaoriente.cl/index.php/centro-de-padres-2/","name":"Centro de Padres y Apoderados - Escuela Oriente","isPartOf":{"@id":"https://escuelaoriente.cl/#website"},"datePublished":"2021-12-07T18:09:48+00:00","dateModified":"2021-12-09T13:31:56+00:00","breadcrumb":{"@id":"https://escuelaoriente.cl/index.php/centro-de-padres-2/#breadcrumb"},"inLanguage":"es-CL","potentialAction":[{"@type":"ReadAction","target":["https://escuelaoriente.cl/index.php/centro-de-padres-2/"]}]},{"@type":"BreadcrumbList","@id":"https://escuelaoriente.cl/index.php/centro-de-padres-2/#breadcrumb","itemListElement":[{"@type":"ListItem","position":1,"name":"Portada","item":"https://escuelaoriente.cl/"},{"@type":"ListItem","position":2,"name":"Centro de Padres y Apoderados"}]},{"@type":"WebSite","@id":"https://escuelaoriente.cl/#website","url":"https://escuelaoriente.cl/","name":"Escuela Oriente","description":"Escuela pública &quot;Oriente&quot; de Quellón, Chiloé","publisher":{"@id":"https://escuelaoriente.cl/#organization"},"potentialAction":[{"@type":"SearchAction","target":{"@type":"EntryPoint","urlTemplate":"https://escuelaoriente.cl/?s={search_term_string}"},"query-input":{"@type":"PropertyValueSpecification","valueRequired":true,"valueName":"search_term_string"}}],"inLanguage":"es-CL"},{"@type":"Organization","@id":"https://escuelaoriente.cl/#organization","name":"Escuela Oriente","url":"https://escuelaoriente.cl/","logo":{"@type":"ImageObject","inLanguage":"es-CL","@id":"https://escuelaoriente.cl/#/schema/logo/image/","url":"https://escuelaoriente.cl/wp-content/uploads/2025/09/cropped-Logo-escuela-oriente.png","contentUrl":"https://escuelaoriente.cl/wp-content/uploads/2025/09/cropped-Logo-escuela-oriente.png","width":1024,"height":1384,"caption":"Escuela Oriente"},"image":{"@id":"https://escuelaoriente.cl/#/schema/logo/image/"}}]}</script>
<!-- / Yoast SEO plugin. -->

En líneas generales el Centro de Padres y Apoderados es una agrupación voluntaria que reúne a los padres y apoderados que desean participar y contribuir en la comunidad educativa, a través de diferentes actividades y proyectos. Desde el año 2014 a la fecha hemos postulado y ganado los siguientes proyectos: 2014: Proyecto VIVA LEER, adjudicándonos [&hellip;]

Escuela pública &quot;Oriente&quot; de Quellón, Chiloé
